to base 12.
-505
What is -44125 (base 6) in base 9?
-8328
Convert 1291 (base 14) to base 7.
12341
What is -112110200 (base 3) in base 11?
-7a1a
What is 2276 (base 13) in base 7?
20036
What is 110544 (base 6) in base 3?
110201201
Convert 3413 (base 8) to base 14.
92b
440 (base 6) to base 3
20020
-8aa (base 13) to base 16
-5d4
7ec (base 16) to base 8
3754
Convert -203213 (base 7) to base 5.
-2103001
What is -100110011100010 (base 2) in base 15?
-5c72
Convert -af6 (base 16) to base 10.
-2806
-131200 (base 4) to base 10
-1888
27777 (base 8) to base 15
3992
-97a (base 12) to base 14
-714
What is -228 (base 9) in base 3?
-20222
-21630 (base 9) to base 2
-11100000011100
3b6c (base 15) to base 14
48b4
What is -132353 (base 6) in base 4?
-2333031
What is -411 (base 10) in base 3?
-120020
Convert -109 (base 11) to base 6.
-334
What is -9117 (base 13) in base 3?
-1000101100
Convert 121001 (base 6) to base 7.
42601
5267 (base 15) to base 12
a0ba
Convert -3434 (base 13) to base 9.
-11022
Convert 1001010001000 (base 2) to base 16.
1288
Convert 2686 (base 10) to base 16.
a7e
Convert 1023 (base 6) to base 13.
14a
Convert -103002 (base 4) to base 12.
-856
-10246 (base 8) to base 4
-1002212
Convert 2204 (base 9) to base 12.
b34
121 (base 7) to base 14
48
What is -e51 (base 15) in base 5?
-100401
Convert e80 (base 15) to base 3.
11111010
-1121301 (base 4) to base 11
-4353
32023 (base 4) to base 2
1110001011
Convert 2a1 (base 11) to base 8.
541
What is -39 (base 15) in base 14?
-3c
Convert -1016 (base 11) to base 8.
-2504
What is -210111111 (base 3) in base 10?
-15673
What is 1001110010001 (base 2) in base 12?
2a95
Convert 1121002 (base 4) to base 10.
5698
What is -10000 (base 9) in base 8?
-14641
Convert 3056 (base 12) to base 14.
1cb0
What is 5a8 (base 11) in base 8?
1323
-198 (base 14) to base 9
-406
What is 1021001121 (base 3) in base 7?
132250
201022 (base 6) to base 2
11110110100110
What is -4b3 (base 13) in base 9?
-1113
What is 572b (base 13) in base 12?
7091
Convert -10680 (base 9) to base 12.
-4153
Convert 1101000100 (base 2) to base 7.
2303
What is -3a08 (base 11) in base 6?
-40043
193c (base 13) to base 3
12011121
What is -33540 (base 7) in base 4?
-2010321
Convert 655 (base 12) to base 7.
2465
Convert 7260 (base 13) to base 9.
23600
-122 (base 7) to base 15
-45
-14154 (base 7) to base 8
-7425
233 (base 10) to base 5
1413
What is 22211232 (base 4) in base 16?
a96e
Convert 20034 (base 5) to base 6.
5513
What is -11110110110111 (base 2) in base 6?
-201051
-7024 (base 11) to base 8
-22177
Convert -2306 (base 7) to base 3.
-1011002
What is 20658 (base 10) in base 14?
7758
-10426 (base 8) to base 7
-15516
Convert -560 (base 8) to base 11.
-305
Convert 31350 (base 7) to base 12.
4580
Convert -201 (base 4) to base 13.
-27
What is -2304 (base 6) in base 9?
-664
Convert 792 (base 11) to base 8.
1664
-231 (base 8) to base 12
-109
841a (base 14) to base 3
1011012222
Convert -1032 (base 5) to base 12.
-ba
What is 1202020 (base 3) in base 2?
10011111011
Convert 1122001121 (base 3) to base 6.
404411
What is -25 (base 11) in base 4?
-123
6678 (base 9) to base 4
1031003
What is -1b19 (base 12) in base 11?
-2560
What is -3124122 (base 5) in base 10?
-51787
Convert 5180 (base 10) to base 11.
398a
Convert 201000000 (base 3) to base 11.
a452
-11043 (base 6) to base 14
-7bd
What is -1c27 (base 14) in base 11?
-3945
What is 22120 (base 3) in base 10?
231
212030 (base 6) to base 2
100001110010010
-42023 (base 5) to base 12
-1723
2231 (base 7) to base 12
572
Convert -11121102 (base 4) to base 3.
-1010022110
What is 95a3 (base 13) in base 12?
10013
What is 7e (base 15) in base 13?
92
Convert 120167 (base 8) to base 11.
28955
What is -20202 (base 4) in base 13?
-330
What is -3437 (base 16) in base 13?
-6113
Convert -1cd8 (base 14) to base 2.
-1010010100110
714 (base 8) to base 16
1cc
What is -51416 (base 8) in base 9?
-32144
33102 (base 5) to base 14
b89
What is 44231 (base 6) in base 3?
22102101
What is 1054 (base 8) in base 12?
3a4
3388 (base 15) to base 7
43601
What is -9e17 (base 16) in base 7?
-225664
2003211 (base 4) to base 14
30d7
What is 1053 (base 11) in base 8?
2555
-413 (base 5) to base 4
-1230
What is -41060 (base 9) in base 10?
-27027
What is c30 (base 15) in base 6?
20413
What is 6691 (base 10) in base 15?
1eb1
Convert 35b (base 14) to base 11.
559
Convert -307 (base 10) to base 7.
-616
-2868 (base 11) to base 13
-18bc
1 (base 10) to base 8
1
-16006 (base 12) to base 8
-74606
Convert -644 (base 8) to base 3.
-120120
Convert 10213 (base 5) to base 9.
838
What is -1030210 (base 5) in base 2?
-100010010010011
-1b6 (base 14) to base 7
-1016
3bb92 (base 12) to base 10
82910
What is -4430 (base 5) in base 9?
-753
Convert 14323 (base 6) to base 15.
a23
Convert 1a897 (base 13) to base 16.
cb27
-2233 (base 8) to base 4
-102123
What is -4a1 (base 14) in base 10?
-925
Convert -10100101100001 (base 2) to base 9.
-15470
10367 (base 9) to base 2
1101011010001
-331320 (base 6) to base 5
-1340202
What is 6678 (base 10) in base 8?
15026
Convert -625 (base 11) to base 3.
-1000220
What is 1121121 (base 3) in base 10?
1177
What is 3101 (base 9) in base 16?
8dd
-1001101100010 (base 2) to base 13
-2349
Convert 204514 (base 7) to base 14.
cbb4
What is d (base 14) in base 15?
d
-7368 (base 11) to base 9
-14337
Convert 1002220 (base 3) to base 5.
11212
Convert -11121 (base 7) to base 3.
-10212000
1101000111 (base 2) to base 5
11324
-50650 (base 8) to base 14
-7892
Convert 405 (base 7) to base 5.
1301
-394 (base 12) to base 5
-4134
What is -14333 (base 11) in base 8?
-47614
What is -2b0 (base 14) in base 11?
-457
What is -11110101001100 (base 2) in base 6?
-200352
Convert 887c (base 16) to base 10.
34940
-483b (base 13) to base 5
-311230
Convert 219 (base 16) to base 10.
537
125b8 (base 13) to base 5
2041301
-1640 (base 7) to base 6
-3025
1184 (base 11) to base 9
2105
Convert 101000001000 (base 2) to base 5.
40233
What is -107 (base 15) in base 5?
-1412
-3311 (base 5) to base 16
-1c8
What is 13240 (base 5) in base 8?
2056
What is -1560 (base 14) in base 6?
-25344
-1100000001 (base 2) to base 13
-472
-b0d (base 15) to base 5
-34423
What is -5ca (base 15) in base 8?
-2443
-a14 (base 12) to base 13
-880
545 (base 9) to base 4
12332
-e56e (base 15) to base 5
-3022404
-111101101101 (base 2) to base 3
-12102021
281 (base 11) to base 16
14b
Convert -2dbb (base 14) to base 12.
-48b5
Convert -1040 (base 7) to base 16.
-173
Convert -2101 (base 3) to base 5.
-224
-103476 (base 9) to base 12
-2b7b9
-13319 (base 14) to base 5
-3003014
6576 (base 8) to base 4
311332
Convert -1331 (base 9) to base 15.
-46a
321422 (base 5) to base 4
2221232
-2904 (base 10) to base 2
-101101011000
Convert 131212 (base 4) to base 11.
1472
Convert -1113031 (base 4) to base 8.
-12715
Convert 1004430 (base 5) to base 11.
11224
381 (base 10) to base 3
112010
1000001100001 (base 2) to base 11
3172
Convert -1121000100 (base 3) to base 5.
-2000411
What is 122031 (base 4) in base 16?
68d
What is -10001001010111 (base 2) in base 3?
-110001121
-5a9 (base 12) to base 9
-1143
Convert -36d (base 14) to base 6.
-3101
Convert -1110011110 (base 2) to base 15.
-41b
What is -3220 (base 8) in base 5?
-23210
Convert 708 (base 10) to base 13.
426
What is -2339 (base 13) in base 8?
-11525
-11223 (base 12) to base 3
-1011020200
100214 (base 5) to base 13
15ac
What is 1298 (base 11) in base 13?
9c3
111 (base 10) to base 8
157
Convert -1000010001 (base 2) to base 13.
-319
202000222 (base 3) to base 6
151342
What is 119c (base 13) in base 9?
3372
Convert 586 (base 10) to base 12.
40a
31030113 (base 4) to base 16
d317
ad3 (base 16) to base 2
101011010011
What is 1054 (base 11) in base 3?
1220111
What is -1383 (base 15) in base 8?
-10115
-b10 (base 13) to base 8
-3520
What is -38 (base 10) in base 12?
-32
What is -325b (base 15) in base 14?
-3c57
523 (base 12) to base 9
1020
Convert -970 (base 13) to base 15.
-727
Convert 12c9 (base 13) to base 11.
2035
What is -20103 (base 4) in base 12?
-383
-ae9 (base 16) to base 9
-3743
Convert 134122 (base 6) to base 15.
3ad8
Convert 2031130 (base 4) to base 6.
105524
10000001001111 (base 2) to base 11
623a
-39c7 (base 14) to base 5
-311141
What is -1193 (base 15) in base 5?
-104423
4c2c (base 16) to base 